
-44
Let t(k) = k**2 + 68*k - 1023. Determine t(-78).
-243
Let j(g) = 806*g + 29012. Calculate j(-36).
-4
Let f(q) = -12*q**2 - 15*q + 1. Calculate f(-2).
-17
Let w(i) = 382*i - 47733. Give w(125).
17
Let g(x) = x**3 - 15*x**2 - 28*x + 224. Determine g(16).
32
Let v(o) = o**3 - 20*o**2 + 45*o + 456. Give v(15).
6
Let o(a) = a**2 - 19*a + 36. Give o(14).
-34
Let w(k) = k**3 - 9*k**2 - 150*k. Determine w(-9).
-108
Let t(o) = -45*o - 1763. Give t(-39).
-8
Let s(y) = 123*y + 8679. Give s(-71).
-54
Let g(v) = v**3 + 91*v**2 - 1830*v - 112. What is g(17)?
-10
Let z(a) = a**3 - 2*a**2 + 9. Give z(-4).
-87
Let f(p) = -143*p + 75. Give f(6).
-783
Let w(t) = -19*t**2 + 245*t - 749. Give w(8).
-5
Let t(q) = -2*q**3 - 10*q**2 + 19*q - 56. Give t(4).
-268
Let v(k) = 5*k**2 - 50*k - 60. Determine v(11).
-5
Let s(n) = 3024*n - 9069. What is s(3)?
3
Let x(o) = -3*o**3 - 30*o**2 - 37*o - 8. Give x(-1).
2
Let c(r) = 7*r**2 - 750*r + 83. What is c(107)?
-24
Let f(x) = x**3 - 34*x**2 + 5*x + 16. Give f(34).
186
Let q(z) = -z**3 - 3*z**2 - 14*z + 51. Calculate q(4).
-117
Let a(o) = 555*o + 117108. Give a(-211).
3
Let t(g) = -24*g - 457. What is t(-10)?
-217
Let b(f) = -40*f - 215. Calculate b(-5).
-15
Let o(c) = 32165*c + 160817. Give o(-5).
-8
Let q(t) = -t**3 - 27*t**2 + 148*t + 3357. Calculate q(-28).
-3
Let b(n) = -128*n + 44. What is b(1)?
-84
Let k(l) = 18*l**2 + 411*l - 44. Calculate k(-23).
25
Let u(c) = -52*c - 2479. Give u(-48).
17
Let u(d) = -11*d**3 + 3*d + 6. Determine u(-2).
88
Let s(f) = -24*f + 21. What is s(7)?
-147
Let g(z) = -z**3 - 14*z**2 + 19*z + 104. What is g(-16)?
312
Let r(q) = 38*q - 82. What is r(2)?
-6
Let y(i) = -59*i - 1882. Determine y(-23).
-525
Let a(c) = -2*c**2 - 22*c + 305. Calculate a(8).
1
Let i(y) = 1426*y - 14305. Calculate i(10).
-45
Let s(y) = 763*y - 10679. Calculate s(14).
3
Let d(a) = -166*a**2 - 995*a - 3. What is d(-6)?
-9
Let l(x) = 2*x - 129. What is l(80)?
31
Let m(s) = 350*s - 1387. What is m(4)?
13
Let w(l) = 35*l - 1272. Determine w(36).
-12
Let i(b) = -b**3 + b**2 + b - 61. Give i(0).
-61
Let o(y) = 1047*y - 3777. Determine o(4).
411
Let v(y) = 2998*y - 14960. Calculate v(5).
30
Let o(c) = c**2 + 40*c + 359. What is o(-25)?
-16
Let p(n) = -n**3 + 30*n**2 - 52*n - 84. Determine p(28).
28
Let y(x) = -156*x + 4048. What is y(26)?
-8
Let x(c) = c**3 - 6*c**2 - 6*c + 44. Calculate x(6).
8
Let o(w) = w**3 - 31*w**2 - 186*w + 19. What is o(36)?
-197
Let d(q) = q**3 + 18*q**2 - 344*q - 205. Determine d(12).
-13
Let r(k) = -k**3 - 70*k**2 - 90*k + 3130. Determine r(-68).
2
Let d(f) = -126*f + 653. Calculate d(6).
-103
Let l(s) = s**3 + 35*s**2 + 1288. Give l(-36).
-8
Let h(n) = -745*n + 11194. Determine h(15).
19
Let g(n) = -419*n + 3343. What is g(8)?
-9
Let l(k) = -k**3 - 6*k**2 + 149*k + 625. Determine l(-4).
-3
Let o(y) = -132*y + 2200. Determine o(16).
88
Let l(p) = -21*p - 789. Calculate l(-29).
-180
Let b(x) = -x**3 + 16*x**2 - 18*x + 61. Give b(15).
16
Let t(o) = 5983*o - 41896. Calculate t(7).
-15
Let q(g) = 305*g + 10990. Determine q(-36).
10
Let d(a) = -13*a + 1186. What is d(89)?
29
Let s(f) = -5*f**2 - 96*f - 396. What is s(-4)?
-92
Let b(z) = -5*z - 936. Calculate b(-188).
4
Let y(h) = -h**2 + 254*h + 1299. Determine y(-5).
4
Let j(w) = 190*w - 3151. Give j(15).
-301
Let b(a) = -131*a - 6158. Calculate b(-47).
-1
Let p(k) = k**3 + 30*k**2 - 33*k - 53. Determine p(-31).
9
Let s(d) = -2*d**3 - 17*d**2 + 285*d + 2349. Determine s(-8).
5
Let u(f) = f**3 + 21*f**2 + 73*f - 100. Determine u(-6).
2
Let v(j) = 28*j + 587. Determine v(-21).
-1
Let r(m) = m**3 + 11*m**2 - 2294*m - 25240. Give r(-11).
-6
Let a(y) = -36*y**2 - 3454*y + 206. Calculate a(-96).
14
Let u(l) = 5*l**2 + 129*l - 45. Give u(-26).
-19
Let p(l) = -54*l + 667. Give p(10).
127
Let c(f) = 122*f - 1453. Calculate c(12).
11
Let w(x) = 60*x**2 + 237*x - 8. Determine w(-4).
4
Let n(w) = w**2 + 54*w + 463. Give n(-45).
58
Let z(j) = 52*j + 645. What is z(-13)?
-31
Let j(p) = -19*p - 1435. Calculate j(-75).
-10
Let q(o) = -306*o - 1244. Give q(-4).
-20
Let q(l) = -l**3 + 99*l**2 - 292*l + 376. Give q(96).
-8
Let y(c) = 3030*c + 9088. Determine y(-3).
-2
Let c(j) = 109*j + 733. Calculate c(-7).
-30
Let i(k) = -8*k**3 + 116*k**2 - 62*k + 92. Determine i(14).
8
Let a(s) = -2*s**3 - 16*s**2 - 13*s - 91. Determine a(-8).
13
Let y(c) = 4*c**3 - 7*c**2 + 10*c + 20. Determine y(-3).
-181
Let f(k) = -k**2 + 63*k + 1265. Determine f(-16).
1
Let f(a) = -5*a**2 + 41*a + 148. Determine f(-4).
-96
Let i(p) = 10*p + 242. What is i(-50)?
-258
Let n(d) = -6*d + 82. What is n(19)?
-32
Let u(z) = -177*z - 158. Give u(-1).
19
Let z(t) = -61*t - 17. Give z(-3).
166
Let n(j) = -j**3 - 43*j**2 - 436*j - 66. What is n(-27)?
42
Let p(y) = -803*y - 3210. Give p(-4).
2
Let m(q) = 17*q**2 - 87*q - 171. Give m(-2).
71
Let o(k) = 3*k**3 + 16*k**2 - 54*k - 181. Give o(-7).
-48
Let h(r) = 23*r + 1580. What is h(-70)?
-30
Let b(v) = 12*v**3 - 7*v**2 - 20*v + 35. Give b(4).
611
Let d(j) = 303*j - 2389. Calculate d(8).
35
Let y(u) = -49*u - 197. Give y(-6).
97
Let u(x) = -2*x**2 - 57*x - 81. Give u(-25).
94
Let g(s) = 182*s - 427. Calculate g(5).
483
Let v(y) = 3*y**2 + 3805*y + 7602. Calculate v(-2).
4
Let v(l) = l**3 + 21*l**2 - 110*l + 2366. Calculate v(-28).
-42
Let o(a) = -a**3 + 3*a**2 + 36*a. Give o(8).
-32
Let c(h) = 2*h**3 - 12*h**2 + 11*h - 32. Determine c(6).
34
Let s(x) = 12*x**2 + 264*x + 261. Give s(-1).
9
Let c(s) = -29*s**2 - 77*s - 5. Calculate c(-2).
33
Let s(w) = 16*w**2 + 96*w + 78. Determine s(-5).
-2
Let m(d) = -168*d + 800. Determine m(5).
-40
Let d(m) = -481*m - 3342. Determine d(-7).
25
Let k(w) = w**3 + 10*w**2 - 41*w + 12. What is k(-13)?
38
Let r(u) = u**3 - 3*u**2 - 3*u - 2. Give r(-3).
-47
Let l(f) = -77*f + 986. Give l(20).
-554
Let r(n) = 38*n**2 + 151*n + 4. What is r(-4)?
8
Let a(j) = -13*j**2 + 263*j - 64. Determine a(20).
-4
Let n(i) = 2*i**3 + 17*i**2 + 27*i + 316. Calculate n(-9).
-8
Let h(q) = -167*q**2 + 9*q + 9. Calculate h(-1).
-167
Let a(m) = 404*m + 6864. Determine a(-17).
-4
Let a(o) = 2*o**2 + 10*o + 1. Give a(-13).
209
Let g(r) = 104*r**2 - 1161*r + 183. Calculate g(11).
-4
Let q(h) = 7*h**2 - 3296*h - 13172. Determine q(-4).
124
Let g(m) = -m**3 - 21*m**2 + 46*m - 28. Determine g(-23).
-28
Let v(c) = c**3 + 12*c**2 + 32*c + 22. What is v(-2)?
-2
Let u(i) = 15*i**3 + 89*i**2 - 9*i + 20. Give u(-6).
38
Let s(f) = -45*f + 91. What is s(3)?
-44
Let q(v) = -v**3 - 20*v**2 + 19*v + 36. Calculate q(-20).
-344
Let k(w) = -w**3 + 10*w**2 - 4*w - 5. What is k(6)?
115
Let p(w) = -619*w - 30344. Determine p(-49).
-13
Let k(b) = 186*b + 3269. Give k(-18).
-79
Let k(f) = -5*f + 162. Determine k(-27).
297
Let n(l) = l**2 - 42*l - 509. What is n(-10)?
11
Let u(s) = s**3 - 157*s**2 + 3075*s + 931. Determine u(134).
-7
Let a(y) = -5*y**3 + 43*y**2 + 13*y + 33. Calculate a(9).
-12
Let p(l) = -4*l**2 - 228*l + 228. Determine p(-58).
-4
Let p(c) = c**3 + 11*c**2 + 24*c - 18. What is p(-6)?
18
Let b(n) = -268*n**2 + 1602*n + 32. What is b(6)?
-4
Let r(h) = 3*h**2 - 68*h - 94. Determine r(25).
81
Let v(n) = -21*n**2 - 59*n - 15. What is v(-3)?
-27
Let x(s) = 477*s - 3338. Calculate x(7).
1
Let f(n) = 504*n**3 - 4*n**2 - 8*n + 10. Calculate f(1).
502
Let z(k) = k**2 - 68*k + 1105. Calculate z(26).
13
Let f(h) = -30*h**2 + 475*h - 16. Determine f(16).
-96
Let c(x) = 2*x + 67. Determine c(43).
153
Let t(w) = -w**3 - 17*w**2 - 6*w - 39. Calculate t(-16).
-199
Let a(h) = h**3 + 59*h**2 + 759*h - 43. Give a(-40).
-3
Let y(r) = 4*r**3 + 116*r**2 + 2*r + 79. Calculate y(-29).
21
Let a(v) = -v**3 + 60*v**2 + 49*v - 2946. What is a(60)?
-6
Let c(o) = 78*o + 152. Give c(-1).
74
Let o(w) = -w**3 - 6*w**2 + 53*w - 3. What is o(5)?
-13
Let p(o) = 7*o**2 - 55*o - 612. What is p(14)?
-10
Let i(v) = v**2 - 4859*v + 29131. What is i(6)?
13
Let z(o) = 5*o**2 - 53*o + 38. Give z(10).
8
Let l(w) = 3*w**2 - 197*w - 486. What is l(68)?
-10
Let p(l) = l**2 - 4666*l + 18661. Calculate p(4).
13
Let n(r) = 100*r - 1802. Give n(18).
-2
Let s(q) = 83*q**2 - 366*q - 2. Give s(5).
243
Let d(r) = r**3 + 24*r**2 + 20*r - 14. Calculate d(-23).
55
Let o(w) = w**2 - 53*w + 632. Calculate o(36).
20
Let o(z) = -76*z**3 + z**2 + 11*z - 12. Determine o(1).
-76
Let x(o) = -13*o**3 - 287*o**2 - 17*